. Calculate the remainder when v(b) is divided by 14.
13
Suppose 22 = 2*m + 5*c, 6*m = m - 2*c + 34. Let z be m/(1/(12/(-9))). Let k = z + 9. Calculate the remainder when 3 is divided by k.
0
Suppose k - 13 = -0*k. Let a(h) = -h**3 - 2*h**2 + h - 4. Let x be a(-3). Calculate the remainder when k is divided by 49/6 - x/12.
5
Let n = 25 + -17. Suppose 3*t + n = 20. Calculate the remainder when t is divided by 3.
1
Let q be 3/((-9)/5)*3. Calculate the remainder when (-137)/q - 2/5 is divided by 10.
7
Suppose 0 = -4*b - 22 + 138. Suppose 0 = -16*w + 5*w + 110. What is the remainder when b is divided by w?
9
Let s(u) = 11*u**2 + 4*u - 8. Let f(y) = 5*y**2 + 2*y - 4. Let q(c) = 9*f(c) - 4*s(c). What is the remainder when q(-4) is divided by 2?
0
Suppose 2*s = 1 - 3. Let n(o) = 87*o**2 - o + 1. What is the remainder when n(s) is divided by 23?
20
Let s(u) = -6*u - 31. What is the remainder when 31 is divided by s(-7)?
9
What is the remainder when 170 is divided by 4 + (-15 + 2)*-3?
41
Suppose -4*i + 2*v = i - 15, 2*i = -2*v + 20. Suppose 4*h + 9 = -4*a + 33, i*a = h + 60. Calculate the remainder when a is divided by 7.
4
Suppose 8*w - 99 = 53. What is the remainder when w is divided by 10?
9
Let x = -6 - -9. Suppose -6*s + 16 = 2*g - 2*s, -4*g + 2*s = -52. Suppose -a + m = a - g, -a + 2*m + x = 0. What is the remainder when a is divided by 4?
3
Let i = 52 - 26. Let c = 5 - 1. Suppose -c*v = -v - 27. What is the remainder when i is divided by v?
8
Let w(r) = 1 + 4*r + 2*r - 3*r - 4*r - r**2. Let d(l) = 7*l**2 + 5*l + 2. Let m(q) = d(q) + 6*w(q). Calculate the remainder when 15 is divided by m(0).
7
Suppose -4*d - c + 7 = -10, -4*d + c + 15 = 0. Calculate the remainder when d is divided by 3.
1
Suppose 4*a = a + 84. Let n be (15/(-1))/(3/(-2)). Suppose -13*j + 14*j - n = 0. What is the remainder when a is divided by j?
8
Suppose -x - x = -76. What is the remainder when x is divided by 10?
8
Suppose 6*j - 5*j - 11 = 0. What is the remainder when 18 is divided by j?
7
Calculate the remainder when -94*((-25)/10 + 2) is divided by 13.
8
Let t(l) = l**3 - 4*l**2 + l - 1. Let x be t(4). Let b be 2/x + 22/(-6). What is the remainder when 19 is divided by (-3)/b - -6 - 0?
5
What is the remainder when 99 is divided by -20*((0 - -1) + -2)?
19
Let o(n) = -3*n**2 - 4*n. Let i(m) = 3*m**2 + 4*m + 1. Let p(x) = -3*i(x) - 4*o(x). Calculate the remainder when p(2) is divided by 9.
8
Suppose -3*o = -5*x + 46, 3*o + o = -5*x + 32. Suppose -3*m + 79 = 5*b - 58, -3*b + 12 = 0. Let t = -17 + m. What is the remainder when t is divided by x?
6
Let k(s) = -9*s**3 - 1. Let h be k(-1). Suppose h*g + 8 = 4*g. Calculate the remainder when 16 is divided by g - (-12 - (2 - 3)).
7
Suppose -m = -2*c + 13 + 56, -2*m - 130 = 4*c. Let y = m + 109. Calculate the remainder when y is divided by 22.
20
Let x(d) = 2*d**2 - 6*d - 2. Let y be x(-4). What is the remainder when 96/y - (-4)/18 is divided by 2?
0
Suppose 4*b + 5*w - 216 = 0, -2*w = -3*b + w + 162. What is the remainder when b is divided by 14?
12
Let n = 62 - 32. What is the remainder when n is divided by 11?
8
Let a = 20 + -10. What is the remainder when 28 is divided by a?
8
Suppose 16 = 7*f - 3*f. Suppose -f*o + 87 = -o. Suppose -3*b = -4*b + 16. Calculate the remainder when o is divided by b.
13
Suppose -3*c - 2 - 8 = -2*o, -3*o = c - 26. Let j = 8 - o. Suppose j = 2*s - 5*s + 24. What is the remainder when 13 is divided by s?
5
Let z = 21 + -17. Let r = 11 - 5. Calculate the remainder when r is divided by z.
2
Suppose 43 = -3*u - 4*x, 39 = -7*u + 4*u - 3*x. Let b = u - -13. Let z = -14 - -25. What is the remainder when z is divided by b?
3
Let p(y) = y**3 + 4*y**2 + y + 2. Let g be p(-4). Calculate the remainder when (-46)/(-5) - 1/5 is divided by ((-35)/(-14))/(g/(-4)).
4
Suppose 5*m - q + 5*q - 7 = 0, -5*q - 1 = 3*m. Suppose m*h - 28 = -h. What is the remainder when 26 is divided by h?
5
Suppose -3*q + 90 = 2*i + 20, -4*q + 78 = -5*i. What is the remainder when 36 is divided by q?
14
Let l be (-4 - -4)/(-2 + 1). Suppose 0*n - 5*n + 455 = l. What is the remainder when n is divided by 23?
22
Suppose 590 = 3*w + c, -w = -4*c - 6 - 169. What is the remainder when w is divided by 33?
30
Let r be 1/(3*(-2)/(-30)). Let q(t) = t**3 - 6*t**2 + 6*t. Let k be q(r). What is the remainder when 80/12*6/k is divided by 5?
3
Suppose 2*t - 10 = 4*x, 2*t - 4*x = t + 7. Suppose 3*u - 16 - 50 = t*r, -3*u + r = -68. What is the remainder when u is divided by 6?
5
Let q = -98 + 111. Suppose 2*g - 4*y = 14, -y + 18 = 2*g - 1. Let s = -4 + g. What is the remainder when q is divided by s?
3
Suppose 47 - 107 = -4*h. What is the remainder when 37 is divided by h?
7
What is the remainder when 66 is divided by (51/1*24/(-36))/(-1)?
32
Suppose -5 = 4*y - 29. Suppose -2*l = -3 - 5. What is the remainder when y is divided by (-4)/((-2)/l*2)?
2
Let z = 12 - 6. Suppose 7*r - 27 = z*r. Let y(h) = 2*h. What is the remainder when r is divided by y(7)?
13
Let t = 483 + -177. Suppose 3*x = t - 57. What is the remainder when x is divided by 28?
27
Let x = -7 + 20. Let u = 441 + -390. What is the remainder when u is divided by x?
12
What is the remainder when 52 is divided by (-5 - 0)*-4 - 0?
12
Let a = 18 + 37. Suppose 4*i - a = -i. What is the remainder when 32 is divided by i?
10
Let g(h) = -h**3 + 6*h**2 - 5*h + 4. Calculate the remainder when 62 is divided by g(3).
14
Let m(t) = t**3 - 8*t**2 - 8*t + 1. What is the remainder when 28 is divided by m(9)?
8
Suppose 34 = -5*f - 3*d + 299, -3*d + 15 = 0. What is the remainder when f is divided by 9?
5
Suppose 0 = -q - 4*h, 3*q + h - 11 = -0*q. Suppose -q*j = -25 - 39. Calculate the remainder when j is divided by 9.
7
Let i be ((-5)/(-3))/(3/9). Suppose 3*y = i*y - 28. Let u = y - 7. What is the remainder when 19 is divided by u?
5
Suppose 14 + 5 = u. What is the remainder when u is divided by 4?
3
Suppose 2*a = -0*a + 18. Calculate the remainder when 71 is divided by a.
8
Let i = 12 - -45. Let t = -8 + 16. Calculate the remainder when (-4)/((-12)/i) - -3 is divided by t.
6
Let h(g) = -g**2 + 12*g - 10. What is the remainder when 154 is divided by h(6)?
24
Suppose 0 = -5*o - n + 134, 4*o + n + 4*n - 103 = 0. Calculate the remainder when o is divided by 15.
12
Suppose i + 13*i = 98. Calculate the remainder when 27 is divided by i.
6
What is the remainder when 19 is divided by (80/24)/(2/3)?
4
Let a = 94 + -79. Calculate the remainder when 39 is divided by a.
9
Let b be (-3)/(-2)*(-384)/(-18). Let m(q) = -32 + 3*q + b. Calculate the remainder when 33 is divided by m(6).
15
Let g(x) = -x**2 - 4*x + 3. Let f be g(2). Let p(k) = -k**2 - 9*k. Let c be p(f). Suppose c = -4*n + 2*n + 52. Calculate the remainder when n is divided by 9.
8
Suppose -19 = -0*t - 2*t - 5*c, 0 = -5*t + c + 7. Suppose -10 - t = -4*x. Suppose -x*g - 49 = -4*g. What is the remainder when g is divided by 13?
10
Let k = -14 + 47. Let j = 58 - k. Calculate the remainder when 99 is divided by j.
24
Let j(h) = -h**3 + 6*h**2 - 6*h + 4. What is the remainder when (-1)/((4/46)/(-2)) is divided by j(4)?
11
Suppose -17 = -3*k + 88. Suppose 0 = -5*f + 3*b - 0 + 67, -4 = -4*b. Suppose -4*s - f + 62 = 0. What is the remainder when k is divided by s?
11
Let x = -65 + 67. What is the remainder when x is divided by 1?
0
Suppose -18*l = -11*l - 105. What is the remainder when 59 is divided by l?
14
Suppose 0 = -2*d - 10, -54 = -2*f - 4*d + 106. Calculate the remainder when f is divided by 24.
18
Let v = 71 + -24. Calculate the remainder when v is divided by 16.
15
Calculate the remainder when 91 is divided by ((-2)/(-2))/(2/46).
22
Let k = 29 + -11. What is the remainder when k is divided by 8?
2
Suppose -4*j = -2*j - 16. Let p = -3 + 33. What is the remainder when p is divided by j?
6
Suppose -3*u - 2*u + 295 = 0. What is the remainder when u is divided by 15?
14
Let w(f) = f**2 + 3*f + 1. Let d(y) = 2*y + 1. Let s(j) = -3*d(j) + 2*w(j). Calculate the remainder when 20 is divided by s(2).
6
Let q be ((-2)/(-4))/(5/710). Let d = -50 + 84. Suppose -5*s + d + q = 0. What is the remainder when s is divided by 12?
9
Let i = 5 + -5. Suppose -3*j - 2*g - 37 + 158 = i, 2*j + 5*g = 88. What is the remainder when j is divided by 10?
9
Suppose -185 = -3*h + 4*l, -3*h - 